{"id":1396,"date":"2023-01-13T10:33:34","date_gmt":"2023-01-13T13:33:34","guid":{"rendered":"https:\/\/paroquiadavitoria.org.br\/?page_id=1396"},"modified":"2025-09-02T14:44:17","modified_gmt":"2025-09-02T17:44:17","slug":"pastoral-do-dizimo","status":"publish","type":"page","link":"https:\/\/paroquiadavitoria.org.br\/index.php\/pastoral-do-dizimo\/","title":{"rendered":"Pastoral do D\u00edzimo"},"content":{"rendered":"\t\t<div data-elementor-type=\"wp-page\" data-elementor-id=\"1396\" class=\"elementor elementor-1396\">\n\t\t\t\t\t\t<section class=\"elementor-section elementor-top-section elementor-element elementor-element-1f4b0f0 elementor-section-boxed elementor-section-height-default elementor-section-height-default\" data-id=\"1f4b0f0\" data-element_type=\"section\" data-e-type=\"section\">\n\t\t\t\t\t\t<div class=\"elementor-container elementor-column-gap-default\">\n\t\t\t\t\t<div class=\"elementor-column elementor-col-100 elementor-top-column elementor-element elementor-element-27991c2\" data-id=\"27991c2\" data-element_type=\"column\" data-e-type=\"column\">\n\t\t\t<div class=\"elementor-widget-wrap elementor-element-populated\">\n\t\t\t\t\t\t<div class=\"elementor-element elementor-element-0cfa226 elementor-widget elementor-widget-heading\" data-id=\"0cfa226\" data-element_type=\"widget\" data-e-type=\"widget\" data-widget_type=\"heading.default\">\n\t\t\t\t<div class=\"elementor-widget-container\">\n\t\t\t\t\t<h2 class=\"elementor-heading-title elementor-size-default\">Pastoral do D\u00edzimo<\/h2>\t\t\t\t<\/div>\n\t\t\t\t<\/div>\n\t\t\t\t\t<\/div>\n\t\t<\/div>\n\t\t\t\t\t<\/div>\n\t\t<\/section>\n\t\t\t\t<section class=\"elementor-section elementor-top-section elementor-element elementor-element-3dfb1e0 elementor-section-boxed elementor-section-height-default elementor-section-height-default\" data-id=\"3dfb1e0\" data-element_type=\"section\" data-e-type=\"section\">\n\t\t\t\t\t\t<div class=\"elementor-container elementor-column-gap-default\">\n\t\t\t\t\t<div class=\"elementor-column elementor-col-66 elementor-top-column elementor-element elementor-element-1639ce1\" data-id=\"1639ce1\" data-element_type=\"column\" data-e-type=\"column\">\n\t\t\t<div class=\"elementor-widget-wrap\">\n\t\t\t\t\t\t\t<\/div>\n\t\t<\/div>\n\t\t\t\t<div class=\"elementor-column elementor-col-33 elementor-top-column elementor-element elementor-element-5c9af4f\" data-id=\"5c9af4f\" data-element_type=\"column\" data-e-type=\"column\" data-settings=\"{&quot;background_background&quot;:&quot;gradient&quot;}\">\n\t\t\t<div class=\"elementor-widget-wrap elementor-element-populated\">\n\t\t\t\t\t\t<div class=\"elementor-element elementor-element-9fa400f elementor-widget elementor-widget-text-editor\" data-id=\"9fa400f\" data-element_type=\"widget\" data-e-type=\"widget\" data-widget_type=\"text-editor.default\">\n\t\t\t\t<div class=\"elementor-widget-container\">\n\t\t\t\t\t\t\t\t\t<h2><strong>Cursos<\/strong><\/h2><h4><strong>Curso de Batismo<\/strong><\/h4><p>Curso de Batismo para pais e padrinhos Toda Segunda &#8211; feira \u00e0s 20:00 h na Igreja.<br \/>Chegar 30 minutos antes.<\/p><h4><strong>Curso de Noivos<\/strong><\/h4><p>Hor\u00e1rio: 08:00 as 12:00 hs.<\/p><p><strong>Batizados<\/strong><\/p><p>Todos os domingos \u00e0s 10:00 hs.<\/p><p><strong>Confirmar informa\u00e7\u00e3o com a secretaria paroquial. Fone: (71) 3012-2341<\/strong><\/p>\t\t\t\t\t\t\t\t<\/div>\n\t\t\t\t<\/div>\n\t\t\t\t\t<\/div>\n\t\t<\/div>\n\t\t\t\t\t<\/div>\n\t\t<\/section>\n\t\t\t\t<\/div>\n\t\t","protected":false},"excerpt":{"rendered":"<p>Pastoral do D\u00edzimo CADASTRAMENTO \/ RECADASTRAMENTO DOS DIZIMISTAS Nome E-mail CPF Endere\u00e7o N\u00famero Complemento Bairro CEP: Telefone Residencial Telefone Celular Data de Nascimento Data de Casamento C\u00f4njuge Data de Nascimento [&hellip;]<\/p>\n","protected":false},"author":1,"featured_media":0,"parent":0,"menu_order":0,"comment_status":"closed","ping_status":"closed","template":"elementor_header_footer","meta":{"footnotes":""},"class_list":["post-1396","page","type-page","status-publish","hentry"],"_links":{"self":[{"href":"https:\/\/paroquiadavitoria.org.br\/index.php\/wp-json\/wp\/v2\/pages\/1396","targetHints":{"allow":["GET"]}}],"collection":[{"href":"https:\/\/paroquiadavitoria.org.br\/index.php\/wp-json\/wp\/v2\/pages"}],"about":[{"href":"https:\/\/paroquiadavitoria.org.br\/index.php\/wp-json\/wp\/v2\/types\/page"}],"author":[{"embeddable":true,"href":"https:\/\/paroquiadavitoria.org.br\/index.php\/wp-json\/wp\/v2\/users\/1"}],"replies":[{"embeddable":true,"href":"https:\/\/paroquiadavitoria.org.br\/index.php\/wp-json\/wp\/v2\/comments?post=1396"}],"version-history":[{"count":11,"href":"https:\/\/paroquiadavitoria.org.br\/index.php\/wp-json\/wp\/v2\/pages\/1396\/revisions"}],"predecessor-version":[{"id":3418,"href":"https:\/\/paroquiadavitoria.org.br\/index.php\/wp-json\/wp\/v2\/pages\/1396\/revisions\/3418"}],"wp:attachment":[{"href":"https:\/\/paroquiadavitoria.org.br\/index.php\/wp-json\/wp\/v2\/media?parent=1396"}],"curies":[{"name":"wp","href":"https:\/\/api.w.org\/{rel}","templated":true}]}}