{"id":144,"date":"2022-10-27T09:38:46","date_gmt":"2022-10-27T12:38:46","guid":{"rendered":"https:\/\/paroquiadavitoria.org.br\/?page_id=144"},"modified":"2023-01-05T20:31:17","modified_gmt":"2023-01-05T23:31:17","slug":"catolicismo","status":"publish","type":"page","link":"https:\/\/paroquiadavitoria.org.br\/index.php\/catolicismo\/","title":{"rendered":"Espiritualidade Mariana"},"content":{"rendered":"\t\t<div data-elementor-type=\"wp-page\" data-elementor-id=\"144\" class=\"elementor elementor-144\">\n\t\t\t\t\t\t<section class=\"elementor-section elementor-top-section elementor-element elementor-element-15bdb1c elementor-section-boxed elementor-section-height-default elementor-section-height-default\" data-id=\"15bdb1c\" data-element_type=\"section\" data-e-type=\"section\">\n\t\t\t\t\t\t<div class=\"elementor-container elementor-column-gap-default\">\n\t\t\t\t\t<div class=\"elementor-column elementor-col-100 elementor-top-column elementor-element elementor-element-28bbe38\" data-id=\"28bbe38\" data-element_type=\"column\" data-e-type=\"column\">\n\t\t\t<div class=\"elementor-widget-wrap elementor-element-populated\">\n\t\t\t\t\t\t<div class=\"elementor-element elementor-element-2179917 elementor-widget elementor-widget-heading\" data-id=\"2179917\" data-element_type=\"widget\" data-e-type=\"widget\" data-widget_type=\"heading.default\">\n\t\t\t\t<div class=\"elementor-widget-container\">\n\t\t\t\t\t<h2 class=\"elementor-heading-title elementor-size-default\">Espiritualidade Mariana<\/h2>\t\t\t\t<\/div>\n\t\t\t\t<\/div>\n\t\t\t\t\t<\/div>\n\t\t<\/div>\n\t\t\t\t\t<\/div>\n\t\t<\/section>\n\t\t\t\t<section class=\"elementor-section elementor-top-section elementor-element elementor-element-78cb57d elementor-section-boxed elementor-section-height-default elementor-section-height-default\" data-id=\"78cb57d\" data-element_type=\"section\" data-e-type=\"section\">\n\t\t\t\t\t\t<div class=\"elementor-container elementor-column-gap-default\">\n\t\t\t\t\t<div class=\"elementor-column elementor-col-100 elementor-top-column elementor-element elementor-element-dc3ea15\" data-id=\"dc3ea15\" data-element_type=\"column\" data-e-type=\"column\">\n\t\t\t<div class=\"elementor-widget-wrap elementor-element-populated\">\n\t\t\t\t\t\t<div class=\"elementor-element elementor-element-bf85a49 elementor-widget elementor-widget-text-editor\" data-id=\"bf85a49\" data-element_type=\"widget\" data-e-type=\"widget\" data-widget_type=\"text-editor.default\">\n\t\t\t\t<div class=\"elementor-widget-container\">\n\t\t\t\t\t\t\t\t\t<p><img fetchpriority=\"high\" decoding=\"async\" class=\"alignnone size-medium wp-image-1307 aligncenter\" src=\"https:\/\/paroquiadavitoria.org.br\/wp-content\/uploads\/2023\/01\/IMG_8056-225x300.jpg\" alt=\"\" width=\"225\" height=\"300\" srcset=\"https:\/\/paroquiadavitoria.org.br\/wp-content\/uploads\/2023\/01\/IMG_8056-225x300.jpg 225w, https:\/\/paroquiadavitoria.org.br\/wp-content\/uploads\/2023\/01\/IMG_8056-768x1024.jpg 768w, https:\/\/paroquiadavitoria.org.br\/wp-content\/uploads\/2023\/01\/IMG_8056-1152x1536.jpg 1152w, https:\/\/paroquiadavitoria.org.br\/wp-content\/uploads\/2023\/01\/IMG_8056-rotated.jpg 1512w\" sizes=\"(max-width: 225px) 100vw, 225px\" \/><\/p><p style=\"font-weight: 400; text-align: center;\"><b>COMO REZAR O TER\u00c7O\u00a0<\/b><\/p><p style=\"font-weight: 400;\"><strong>Palavras de S\u00e3o Jo\u00e3o Paulo II sobre a Ora\u00e7\u00e3o do Ros\u00e1rio<\/strong><\/p><p>\u201cO Ros\u00e1rio \u00e9 minha ora\u00e7\u00e3o preferida. Ora\u00e7\u00e3o maravilhosa em sua simplicidade e em sua profundidade. Nesta ora\u00e7\u00e3o repetimos muitas vezes as palavras que a Virgem Maria escutou da boca do anjo e de sua prima Isabel.\u201d<\/p><p style=\"font-weight: 400;\">Para quem reza um Ter\u00e7o por dia, o Santo Padre sugeriu distribuir os mist\u00e9rios do Ros\u00e1rio, ao longo da semana da seguinte forma:<\/p><p><strong>Como rezar<\/strong><\/p><p style=\"font-weight: 400;\"><em><strong>1. Inicie:<\/strong> Em nome do Pai, do Filho e do Espirito Santo. Am\u00e9m.<\/em><\/p><p style=\"font-weight: 400;\"><em><strong>2.<\/strong> Reza a ora\u00e7\u00e3o do Credo e do Pai-Nosso, tr\u00eas Ave-Marias e o Gl\u00f3ria ao Pai.<\/em><\/p><p style=\"font-weight: 400;\"><em><strong>3.<\/strong> Depois contempla-se, antes de cada dezena, o mist\u00e9rio do Ter\u00e7o rezado naquele dia.<\/em><\/p><p><strong>As segundas-feiras e os s\u00e1bados s\u00e3o dedicados aos mist\u00e9rios &#8221; gozosos&#8221;<\/strong><\/p><p><span style=\"color: #ff0000;\">1\u00ba mist\u00e9rio: <span style=\"color: #000000;\">Anuncia\u00e7\u00e3o do anjo a Maria<\/span><\/span><\/p><p><span style=\"color: #ff0000;\">2\u00ba mist\u00e9rio:\u00a0<span style=\"color: #000000;\">Visita\u00e7\u00e3o de Maria a Santa Isabel<\/span><\/span><\/p><p><span style=\"color: #ff0000;\">3\u00ba mist\u00e9rio:\u00a0<span style=\"color: #000000;\">Nascimento do Menino Deus<\/span><\/span><\/p><p><span style=\"color: #ff0000;\">4\u00ba mist\u00e9rio:\u00a0<span style=\"color: #000000;\">Apresenta\u00e7\u00e3o de Jesus no Templo<\/span><\/span><\/p><p><span style=\"color: #ff0000;\">5\u00ba mist\u00e9rio:\u00a0<span style=\"color: #000000;\">Perda e encontro de Jesus<\/span><\/span><\/p><p><strong>As ter\u00e7as e sextas-feiras s\u00e3o dedicadas aos mist\u00e9rios &#8220;dolorosos&#8221;<\/strong><\/p><p><span style=\"color: #ff0000;\">1\u00ba mist\u00e9rio:<\/span> Ora\u00e7\u00e3o e agonia de Jesus no Gets\u00e9mani<\/p><p><span style=\"color: #ff0000;\">2\u00ba mist\u00e9rio:<\/span> Flagela\u00e7\u00e3o de Cristo<\/p><p><span style=\"color: #ff0000;\">3\u00ba mist\u00e9rio:<\/span> A coroa\u00e7\u00e3o de espinhos<\/p><p><span style=\"color: #ff0000;\">4\u00ba mist\u00e9rio:<\/span> A subida ao Calv\u00e1rio<\/p><p><span style=\"color: #ff0000;\">5\u00ba mist\u00e9rio:<\/span> A morte na cruz<\/p><p><strong>As quartas-feiras e os domingos s\u00e3o dedicados aos mist\u00e9rios &#8221; gloriosos&#8221;<\/strong><\/p><p><span style=\"color: #ff0000;\">1\u00ba mist\u00e9rio:<\/span> Ressurrei\u00e7\u00e3o do Senhor<\/p><p><span style=\"color: #ff0000;\">2\u00ba mist\u00e9rio:<\/span> A ascens\u00e3o de Jesus<\/p><p><span style=\"color: #ff0000;\">3\u00ba mist\u00e9rio:<\/span> Pentecostes &#8211; A vinda do Espirito sobre Maria e os ap\u00f3stolos<\/p><p><span style=\"color: #ff0000;\">4\u00ba mist\u00e9rio:<\/span> Maria assunta aos c\u00e9us<\/p><p><span style=\"color: #ff0000;\">5\u00ba mist\u00e9rio:<\/span> Maria coroada Rainha dos anjos e dos santos<\/p><p><strong>A quinta-feira \u00e9 dedicada aos mist\u00e9rios &#8220;luminosos&#8221;<\/strong><\/p><p><span style=\"color: #ff0000;\">1\u00ba mist\u00e9rio:<\/span> Batismo de Jesus no Jord\u00e3o<\/p><p><span style=\"color: #ff0000;\">2\u00ba mist\u00e9rio:<\/span> Milagre de Jesus nas bodas de Can\u00e1<\/p><p><span style=\"color: #ff0000;\">3\u00ba mist\u00e9rio:<\/span> An\u00fancio do Reino de Deus com um convite \u00e0 convers\u00e3o<\/p><p><span style=\"color: #ff0000;\">4\u00ba mist\u00e9rio:<\/span> Transfigura\u00e7\u00e3o do Senhor<\/p><p><span style=\"color: #ff0000;\">5\u00ba mist\u00e9rio:<\/span> Institui\u00e7\u00e3o da Eucaristia<\/p><p>Depois de contemplar o mist\u00e9rio referente \u00e0 dezena rezada, recita-se um Pai-Nosso e dez Ave-Marias.<\/p><p>Finaliza-se o Santo Ter\u00e7o com a Ora\u00e7\u00e3o da Salve Rainha.<\/p><p><strong>Ora\u00e7\u00f5es do Santo Ter\u00e7o<\/strong><\/p><p style=\"font-weight: 400;\"><strong>Sinal da cruz<\/strong><\/p><p>Em nome do Pai do Filho e do Esp\u00edrito Santo. Am\u00e9m.<\/p><p style=\"font-weight: 400;\"><strong>Vinde Esp\u00edrito Santo<\/strong><\/p><p>Vinde Espirito Santo, enchei os cora\u00e7\u00f5es dos vossos fieis e acendei neles o fogo do vosso amor. Enviai Senhor o vosso Espirito e tudo ser\u00e1 criado e renovareis a face da terra.<\/p><p>Oremos: \u00d3 Deus que instruistes os cora\u00e7\u00f5es dos vossos fi\u00e9is com a luz do Espirito Santo fazei que apreciemos retamente todas as coisas segundo o mesmo espirito e gozemos sempre da Sua consola\u00e7\u00e3o. Por Cristo Nosso Senhor Am\u00e9m.<\/p><p style=\"font-weight: 400;\"><strong>Oferecimento do Ter\u00e7o<\/strong><\/p><p>Divino Jesus, n\u00f3s Vos oferecemos este ter\u00e7o que vamos rezar, meditando nos mist\u00e9rios da Vossa Reden\u00e7\u00e3o. Concedei-nos, por intercess\u00e3o da Virgem Maria, M\u00e3e de Deus e nossa M\u00e3e, as virtudes que nos s\u00e3o necess\u00e1rias para bem rez\u00e1-lo e a gra\u00e7a de ganharmos as indulg\u00eancias desta santa devo\u00e7\u00e3o.<\/p><p style=\"font-weight: 400;\"><strong>Creio em Deus<\/strong><br \/>Creio em Deus Pai Todo-Poderoso, criador do c\u00e9u e da terra, e em Jesus Cristo, seu \u00fanico Filho, nosso Senhor, que foi concebido pelo poder do Esp\u00edrito Santo, nasceu da Virgem Maria, padeceu sob P\u00f4ncio Pilatos, foi crucificado, morto e sepultado; desceu \u00e0 mans\u00e3o dos mortos, ressuscitou ao terceiro dia, subiu aos c\u00e9us, est\u00e1 sentado \u00e0 direita de Deus Pai Todo-Poderoso, donde h\u00e1 de vir a julgar os vivos e os mortos. Creio no Esp\u00edrito Santo, na Santa Igreja Cat\u00f3lica, na comunh\u00e3o dos Santos, na remiss\u00e3o dos pecados, na ressurrei\u00e7\u00e3o da carne e na vida eterna. Am\u00e9m.<\/p><p style=\"font-weight: 400;\"><strong>Pai-Nosso<\/strong><strong><br \/><\/strong>Pai nosso que estais nos c\u00e9us, santificado seja vosso nome, venha a n\u00f3s o Vosso reino, seja feita a Vossa vontade, assim na terra como no c\u00e9u. O p\u00e3o nosso de cada dia nos dai hoje e\u00a0 perdoai-nos as nossas ofensas, assim como n\u00f3s perdoamos a quem nos tem ofendido.\u00a0 N\u00e3o nos deixeis cair em tenta\u00e7\u00e3o, mas livrai-nos do mal. Am\u00e9m.<\/p><p style=\"font-weight: 400;\"><strong>Ave-Maria<\/strong><br \/>Ave-Maria, cheia de gra\u00e7a, o Senhor \u00e9 convosco, bendita sois v\u00f3s entre as mulheres, e Bendito \u00e9 o Fruto do vosso ventre, Jesus. Santa Maria, M\u00e3e de Deus, rogai por n\u00f3s, os pecadores, agora e na hora da nossa morte. Am\u00e9m.<\/p><p style=\"font-weight: 400;\"><strong>Gl\u00f3ria ao Pai<\/strong><strong><br \/><\/strong>Gl\u00f3ria ao Pai, ao Filho e ao Esp\u00edrito Santo. Assim como era no princ\u00edpio, agora e sempre. Am\u00e9m<\/p><p style=\"font-weight: 400;\"><strong>Jaculat\u00f3ria<\/strong><strong><br \/><\/strong>\u00d3h! meu Jesus, perdoai-nos, livrai-nos do fogo do inferno. Levai as almas todas para o c\u00e9u e socorrei principalmente as que mais precisarem.<\/p><p style=\"font-weight: 400;\"><strong>Agradecimento do Ter\u00e7o<\/strong><strong><br \/><\/strong>Infinitas gra\u00e7as vos damos, Soberana Rainha, pelos benef\u00edcios que todos os dias recebemos de vossas m\u00e3os liberais. Dignai-vos agora e para sempre tomar-nos debaixo de vosso poderoso amparo e para mais nos obrigar vos saudamos com uma Salve Rainha\u2026.<\/p><p style=\"font-weight: 400;\"><strong>Salve Rainha<\/strong><strong><br \/><\/strong>Salve, Rainha, M\u00e3e de miseric\u00f3rdia, vida, do\u00e7ura e esperan\u00e7a nossa, salve! A v\u00f3s bradamos os degredados filhos de Eva. A v\u00f3s suspiramos, gemendo e chorando neste vale de l\u00e1grimas. Eia pois advogada nossa, esses vossos olhos misericordiosos a n\u00f3s volvei. E depois deste desterro, mostrai-nos Jesus, bendito fruto do vosso ventre. \u00d3 clemente, \u00d3 piedosa, \u00d3 doce sempre Virgem Maria. Rogai por n\u00f3s Santa M\u00e3e de Deus, para que sejamos dignos das promessas de Cristo. Am\u00e9m.<\/p><p style=\"font-weight: 400;\"><strong>As virtudes e os mist\u00e9rios do Ros\u00e1rio<\/strong><\/p><p style=\"font-weight: 400;\"><strong>As Quinze Promessas da Virgem Maria aos que rezarem o Ros\u00e1rio<\/strong><\/p><p>1. Aqueles que rezarem com enorme f\u00e9 o Ros\u00e1rio receber\u00e3o gra\u00e7as especiais.<\/p><p>2. Prometo minha prote\u00e7\u00e3o e as maiores gra\u00e7as aos que rezarem o Ros\u00e1rio.<\/p><p>3. O Ros\u00e1rio \u00e9 uma arma poderosa para n\u00e3o ir ao inferno: destr\u00f3i os v\u00edcios, diminui os pecados e nos defende das heresias.<\/p><p>4. Receber\u00e1 a virtude e as boas obras abundar\u00e3o, receber\u00e1 a piedade de Deus para as almas, resgatar\u00e1 os cora\u00e7\u00f5es das pessoas de seu amor terreno e vaidades, e os elevar\u00e1 em seu desejo pelas coisas eternas. As almas se santificar\u00e3o por meio do Ros\u00e1rio.<\/p><p>5. A alma que se encomendar a mim no Ros\u00e1rio n\u00e3o perecer\u00e1.<\/p><p>6. Quem rezar o Ros\u00e1rio devotamente, e tiver os mist\u00e9rios como testemunho de vida, n\u00e3o conhecer\u00e1 a desgra\u00e7a. Deus n\u00e3o o castigar\u00e1 em sua justi\u00e7a, n\u00e3o ter\u00e1 uma morte violenta, e se for justo, permanecer\u00e1 na gra\u00e7a de Deus, e ter\u00e1 a recompensa da vida eterna.<\/p><p>7. Aquele que for verdadeiro devoto do Ros\u00e1rio n\u00e3o perecer\u00e1 sem os Sagrados Sacramentos.<\/p><p>8. Aqueles que rezarem com muita f\u00e9 o Santo Ros\u00e1rio em vida e na hora de sua morte encontrar\u00e3o a luz de Deus e a plenitude de sua gra\u00e7a, na hora da morte participar\u00e3o do para\u00edso pelos m\u00e9ritos dos Santos.<\/p><p>9. Livrarei do purgat\u00f3rio \u00e0queles que rezarem o Ros\u00e1rio devotamente.<\/p><p>10. As crian\u00e7as devotas ao Ros\u00e1rio merecer\u00e3o um alto grau de Gl\u00f3ria no c\u00e9u.<\/p><p>11. Obter\u00e3o tudo o que me pedirem mediante o Ros\u00e1rio.<\/p><p>12. Aqueles que propagarem meu Ros\u00e1rio ser\u00e3o assistidos por mim em suas necessidades.<\/p><p>13. Meu filho concedeu-me que todo aqueles que se encomendar a mim ao rezar o Ros\u00e1rio ter\u00e1 como intercessores toda a corte celestial em vida e na hora da morte.<\/p><p>14. S\u00e3o meus filhinhos aqueles que recitam o Ros\u00e1rio, e irm\u00e3os e irm\u00e3s de meu \u00fanico filho, Jesus Cristo.<\/p><p>15. A devo\u00e7\u00e3o a meu Ros\u00e1rio \u00e9 um grande sinal de profecia.<\/p><p style=\"font-weight: 400;\"><strong>B\u00ean\u00e7\u00e3os do Ros\u00e1rio<\/strong><\/p><p>1. Os pecadores obt\u00eam o perd\u00e3o.<\/p><p>2. As almas sedentas s\u00e3o saciadas.<\/p><p>3. Os que est\u00e3o atados v\u00eaem seus n\u00f3s desatados.<\/p><p>4. Os que choram encontram alegria.<\/p><p>5. Os que s\u00e3o tentados encontram tranq\u00fcilidade.<\/p><p>6. Os pobres s\u00e3o socorridos.<\/p><p>7. Os religiosos s\u00e3o reformados.<\/p><p>8. Os ignorantes s\u00e3o instru\u00eddos.<\/p><p>9. Os vivos triunfam sobre a vaidade.<\/p><p>10. Os mortos alcan\u00e7am a miseric\u00f3rdia por via de sufr\u00e1gios.<\/p>\t\t\t\t\t\t\t\t<\/div>\n\t\t\t\t<\/div>\n\t\t\t\t\t<\/div>\n\t\t<\/div>\n\t\t\t\t\t<\/div>\n\t\t<\/section>\n\t\t\t\t<\/div>\n\t\t","protected":false},"excerpt":{"rendered":"<p>Espiritualidade Mariana COMO REZAR O TER\u00c7O\u00a0 Palavras de S\u00e3o Jo\u00e3o Paulo II sobre a Ora\u00e7\u00e3o do Ros\u00e1rio \u201cO Ros\u00e1rio \u00e9 minha ora\u00e7\u00e3o preferida. Ora\u00e7\u00e3o maravilhosa em sua simplicidade e em [&hellip;]<\/p>\n","protected":false},"author":1,"featured_media":0,"parent":0,"menu_order":0,"comment_status":"closed","ping_status":"closed","template":"elementor_header_footer","meta":{"footnotes":""},"class_list":["post-144","page","type-page","status-publish","hentry"],"_links":{"self":[{"href":"https:\/\/paroquiadavitoria.org.br\/index.php\/wp-json\/wp\/v2\/pages\/144","targetHints":{"allow":["GET"]}}],"collection":[{"href":"https:\/\/paroquiadavitoria.org.br\/index.php\/wp-json\/wp\/v2\/pages"}],"about":[{"href":"https:\/\/paroquiadavitoria.org.br\/index.php\/wp-json\/wp\/v2\/types\/page"}],"author":[{"embeddable":true,"href":"https:\/\/paroquiadavitoria.org.br\/index.php\/wp-json\/wp\/v2\/users\/1"}],"replies":[{"embeddable":true,"href":"https:\/\/paroquiadavitoria.org.br\/index.php\/wp-json\/wp\/v2\/comments?post=144"}],"version-history":[{"count":35,"href":"https:\/\/paroquiadavitoria.org.br\/index.php\/wp-json\/wp\/v2\/pages\/144\/revisions"}],"predecessor-version":[{"id":1317,"href":"https:\/\/paroquiadavitoria.org.br\/index.php\/wp-json\/wp\/v2\/pages\/144\/revisions\/1317"}],"wp:attachment":[{"href":"https:\/\/paroquiadavitoria.org.br\/index.php\/wp-json\/wp\/v2\/media?parent=144"}],"curies":[{"name":"wp","href":"https:\/\/api.w.org\/{rel}","templated":true}]}}