{"id":182,"date":"2022-10-27T10:39:00","date_gmt":"2022-10-27T13:39:00","guid":{"rendered":"https:\/\/paroquiadavitoria.org.br\/?page_id=182"},"modified":"2023-01-05T08:27:29","modified_gmt":"2023-01-05T11:27:29","slug":"links","status":"publish","type":"page","link":"https:\/\/paroquiadavitoria.org.br\/index.php\/links\/","title":{"rendered":"Links"},"content":{"rendered":"\t\t<div data-elementor-type=\"wp-page\" data-elementor-id=\"182\" class=\"elementor elementor-182\">\n\t\t\t\t\t\t<section class=\"elementor-section elementor-top-section elementor-element elementor-element-15bdb1c elementor-section-boxed elementor-section-height-default elementor-section-height-default\" data-id=\"15bdb1c\" data-element_type=\"section\" data-e-type=\"section\">\n\t\t\t\t\t\t<div class=\"elementor-container elementor-column-gap-default\">\n\t\t\t\t\t<div class=\"elementor-column elementor-col-100 elementor-top-column elementor-element elementor-element-28bbe38\" data-id=\"28bbe38\" data-element_type=\"column\" data-e-type=\"column\">\n\t\t\t<div class=\"elementor-widget-wrap elementor-element-populated\">\n\t\t\t\t\t\t<div class=\"elementor-element elementor-element-2179917 elementor-widget elementor-widget-heading\" data-id=\"2179917\" data-element_type=\"widget\" data-e-type=\"widget\" data-widget_type=\"heading.default\">\n\t\t\t\t<div class=\"elementor-widget-container\">\n\t\t\t\t\t<h2 class=\"elementor-heading-title elementor-size-default\">Links \u00dateis<\/h2>\t\t\t\t<\/div>\n\t\t\t\t<\/div>\n\t\t\t\t\t<\/div>\n\t\t<\/div>\n\t\t\t\t\t<\/div>\n\t\t<\/section>\n\t\t\t\t<section class=\"elementor-section elementor-top-section elementor-element elementor-element-2f5101a elementor-section-boxed elementor-section-height-default elementor-section-height-default\" data-id=\"2f5101a\" data-element_type=\"section\" data-e-type=\"section\">\n\t\t\t\t\t\t<div class=\"elementor-container elementor-column-gap-default\">\n\t\t\t\t\t<div class=\"elementor-column elementor-col-100 elementor-top-column elementor-element elementor-element-3fe3d43\" data-id=\"3fe3d43\" data-element_type=\"column\" data-e-type=\"column\">\n\t\t\t<div class=\"elementor-widget-wrap elementor-element-populated\">\n\t\t\t\t\t\t<div class=\"elementor-element elementor-element-eabf337 elementor-widget elementor-widget-text-editor\" data-id=\"eabf337\" data-element_type=\"widget\" data-e-type=\"widget\" data-widget_type=\"text-editor.default\">\n\t\t\t\t<div class=\"elementor-widget-container\">\n\t\t\t\t\t\t\t\t\t<ul><li><a href=\"https:\/\/www.youtube.com\/user\/ParoquiaNSVitoria\">Canal Oficial do YouTube da Par\u00f3quia Nossa Senhora da Vit\u00f3ria<\/a><\/li><li><a href=\"https:\/\/www.facebook.com\/paroquiadavitoria\">FaceBook da Par\u00f3quia Nossa Senhora da Vit\u00f3ria<\/a><\/li><li><a href=\"https:\/\/www.instagram.com\/nsdavitoria\/\">Instagram da Par\u00f3quia Nossa Senhora da Vit\u00f3ria<\/a><\/li><li><a href=\"https:\/\/www.cnbb.org.br\/site\/\">CNBB &#8211; Confer\u00eancia Nacional dos Bispos do Brasil<\/a><\/li><li><a href=\"https:\/\/www.aristidesmaltez.org.br\/\">Hospital Aristides Maltez<\/a><\/li><li><a href=\"https:\/\/www.arquidiocesesalvador.org.br\/\">Arquidiocese de S\u00e3o Salvador da Bahia<\/a><\/li><\/ul>\t\t\t\t\t\t\t\t<\/div>\n\t\t\t\t<\/div>\n\t\t\t\t\t<\/div>\n\t\t<\/div>\n\t\t\t\t\t<\/div>\n\t\t<\/section>\n\t\t\t\t<\/div>\n\t\t","protected":false},"excerpt":{"rendered":"<p>Links \u00dateis Canal Oficial do YouTube da Par\u00f3quia Nossa Senhora da Vit\u00f3ria FaceBook da Par\u00f3quia Nossa Senhora da Vit\u00f3ria Instagram da Par\u00f3quia Nossa Senhora da Vit\u00f3ria CNBB &#8211; Confer\u00eancia Nacional [&hellip;]<\/p>\n","protected":false},"author":1,"featured_media":0,"parent":0,"menu_order":0,"comment_status":"closed","ping_status":"closed","template":"elementor_header_footer","meta":{"footnotes":""},"class_list":["post-182","page","type-page","status-publish","hentry"],"_links":{"self":[{"href":"https:\/\/paroquiadavitoria.org.br\/index.php\/wp-json\/wp\/v2\/pages\/182","targetHints":{"allow":["GET"]}}],"collection":[{"href":"https:\/\/paroquiadavitoria.org.br\/index.php\/wp-json\/wp\/v2\/pages"}],"about":[{"href":"https:\/\/paroquiadavitoria.org.br\/index.php\/wp-json\/wp\/v2\/types\/page"}],"author":[{"embeddable":true,"href":"https:\/\/paroquiadavitoria.org.br\/index.php\/wp-json\/wp\/v2\/users\/1"}],"replies":[{"embeddable":true,"href":"https:\/\/paroquiadavitoria.org.br\/index.php\/wp-json\/wp\/v2\/comments?post=182"}],"version-history":[{"count":7,"href":"https:\/\/paroquiadavitoria.org.br\/index.php\/wp-json\/wp\/v2\/pages\/182\/revisions"}],"predecessor-version":[{"id":1289,"href":"https:\/\/paroquiadavitoria.org.br\/index.php\/wp-json\/wp\/v2\/pages\/182\/revisions\/1289"}],"wp:attachment":[{"href":"https:\/\/paroquiadavitoria.org.br\/index.php\/wp-json\/wp\/v2\/media?parent=182"}],"curies":[{"name":"wp","href":"https:\/\/api.w.org\/{rel}","templated":true}]}}