{"id":3768,"date":"2026-04-14T18:25:38","date_gmt":"2026-04-14T21:25:38","guid":{"rendered":"https:\/\/paroquiadavitoria.org.br\/?page_id=3768"},"modified":"2026-04-14T18:28:38","modified_gmt":"2026-04-14T21:28:38","slug":"apostolado-da-oracao","status":"publish","type":"page","link":"https:\/\/paroquiadavitoria.org.br\/index.php\/apostolado-da-oracao\/","title":{"rendered":"Apostolado da Ora\u00e7\u00e3o"},"content":{"rendered":"\t\t<div data-elementor-type=\"wp-page\" data-elementor-id=\"3768\" class=\"elementor elementor-3768\">\n\t\t\t\t\t\t<section class=\"elementor-section elementor-top-section elementor-element elementor-element-3d15274 elementor-section-boxed elementor-section-height-default elementor-section-height-default\" data-id=\"3d15274\" data-element_type=\"section\" data-e-type=\"section\">\n\t\t\t\t\t\t<div class=\"elementor-container elementor-column-gap-default\">\n\t\t\t\t\t<div class=\"elementor-column elementor-col-100 elementor-top-column elementor-element elementor-element-845c0fe\" data-id=\"845c0fe\" data-element_type=\"column\" data-e-type=\"column\">\n\t\t\t<div class=\"elementor-widget-wrap elementor-element-populated\">\n\t\t\t\t\t\t<div class=\"elementor-element elementor-element-2dc31b8 elementor-widget elementor-widget-heading\" data-id=\"2dc31b8\" data-element_type=\"widget\" data-e-type=\"widget\" data-widget_type=\"heading.default\">\n\t\t\t\t<div class=\"elementor-widget-container\">\n\t\t\t\t\t<h2 class=\"elementor-heading-title elementor-size-default\">Apostolado da Ora\u00e7\u00e3o<\/h2>\t\t\t\t<\/div>\n\t\t\t\t<\/div>\n\t\t\t\t\t<\/div>\n\t\t<\/div>\n\t\t\t\t\t<\/div>\n\t\t<\/section>\n\t\t\t\t<section class=\"elementor-section elementor-top-section elementor-element elementor-element-5d91a2e elementor-section-boxed elementor-section-height-default elementor-section-height-default\" data-id=\"5d91a2e\" data-element_type=\"section\" data-e-type=\"section\">\n\t\t\t\t\t\t<div class=\"elementor-container elementor-column-gap-default\">\n\t\t\t\t\t<div class=\"elementor-column elementor-col-100 elementor-top-column elementor-element elementor-element-ff174cd\" data-id=\"ff174cd\" data-element_type=\"column\" data-e-type=\"column\">\n\t\t\t<div class=\"elementor-widget-wrap elementor-element-populated\">\n\t\t\t\t\t\t<div class=\"elementor-element elementor-element-8c5763a elementor-widget elementor-widget-text-editor\" data-id=\"8c5763a\" data-element_type=\"widget\" data-e-type=\"widget\" data-widget_type=\"text-editor.default\">\n\t\t\t\t<div class=\"elementor-widget-container\">\n\t\t\t\t\t\t\t\t\t<p><strong>Missa do Apostolado da Ora\u00e7\u00e3o<\/strong>, toda 1\u00aa sexta-feira do m\u00eas, \u00e0s 17 hs.<\/p><p>Na Pastoral do <strong>Batismo<\/strong> , inserir esse texto, como link:<\/p><p><strong>A Pastoral do Batismo tem a fun\u00e7\u00e3o de:<\/strong><br \/><strong>-Preparar pais e padrinhos;<\/strong><br \/><strong>-Acolher e integrar as fam\u00edlias;<\/strong><br \/><strong>-Evangelizar;<\/strong><br \/><strong>-Conscientizar o Batismo como sacramento de f\u00e9;<\/strong><br \/><strong>-Inicia\u00e7\u00e3o crist\u00e3;<\/strong><br \/><strong>-Fortalecer a viv\u00eancia sacramental<\/strong><\/p>\t\t\t\t\t\t\t\t<\/div>\n\t\t\t\t<\/div>\n\t\t\t\t\t<\/div>\n\t\t<\/div>\n\t\t\t\t\t<\/div>\n\t\t<\/section>\n\t\t\t\t<\/div>\n\t\t","protected":false},"excerpt":{"rendered":"<p>Apostolado da Ora\u00e7\u00e3o Missa do Apostolado da Ora\u00e7\u00e3o, toda 1\u00aa sexta-feira do m\u00eas, \u00e0s 17 hs. Na Pastoral do Batismo , inserir esse texto, como link: A Pastoral do Batismo [&hellip;]<\/p>\n","protected":false},"author":1,"featured_media":0,"parent":0,"menu_order":0,"comment_status":"closed","ping_status":"closed","template":"elementor_header_footer","meta":{"footnotes":""},"class_list":["post-3768","page","type-page","status-publish","hentry"],"_links":{"self":[{"href":"https:\/\/paroquiadavitoria.org.br\/index.php\/wp-json\/wp\/v2\/pages\/3768","targetHints":{"allow":["GET"]}}],"collection":[{"href":"https:\/\/paroquiadavitoria.org.br\/index.php\/wp-json\/wp\/v2\/pages"}],"about":[{"href":"https:\/\/paroquiadavitoria.org.br\/index.php\/wp-json\/wp\/v2\/types\/page"}],"author":[{"embeddable":true,"href":"https:\/\/paroquiadavitoria.org.br\/index.php\/wp-json\/wp\/v2\/users\/1"}],"replies":[{"embeddable":true,"href":"https:\/\/paroquiadavitoria.org.br\/index.php\/wp-json\/wp\/v2\/comments?post=3768"}],"version-history":[{"count":4,"href":"https:\/\/paroquiadavitoria.org.br\/index.php\/wp-json\/wp\/v2\/pages\/3768\/revisions"}],"predecessor-version":[{"id":3773,"href":"https:\/\/paroquiadavitoria.org.br\/index.php\/wp-json\/wp\/v2\/pages\/3768\/revisions\/3773"}],"wp:attachment":[{"href":"https:\/\/paroquiadavitoria.org.br\/index.php\/wp-json\/wp\/v2\/media?parent=3768"}],"curies":[{"name":"wp","href":"https:\/\/api.w.org\/{rel}","templated":true}]}}