{"id":3836,"date":"2026-04-19T11:54:20","date_gmt":"2026-04-19T14:54:20","guid":{"rendered":"https:\/\/paroquiadavitoria.org.br\/?page_id=3836"},"modified":"2026-04-19T12:07:28","modified_gmt":"2026-04-19T15:07:28","slug":"escola-da-fe","status":"publish","type":"page","link":"https:\/\/paroquiadavitoria.org.br\/index.php\/escola-da-fe\/","title":{"rendered":"Escola da F\u00e9"},"content":{"rendered":"\t\t<div data-elementor-type=\"wp-page\" data-elementor-id=\"3836\" class=\"elementor elementor-3836\">\n\t\t\t\t\t\t<section class=\"elementor-section elementor-top-section elementor-element elementor-element-1332542 elementor-section-boxed elementor-section-height-default elementor-section-height-default\" data-id=\"1332542\" data-element_type=\"section\" data-e-type=\"section\">\n\t\t\t\t\t\t<div class=\"elementor-container elementor-column-gap-default\">\n\t\t\t\t\t<div class=\"elementor-column elementor-col-100 elementor-top-column elementor-element elementor-element-c07ff76\" data-id=\"c07ff76\" data-element_type=\"column\" data-e-type=\"column\">\n\t\t\t<div class=\"elementor-widget-wrap elementor-element-populated\">\n\t\t\t\t\t\t<div class=\"elementor-element elementor-element-3ae1d6e elementor-widget elementor-widget-heading\" data-id=\"3ae1d6e\" data-element_type=\"widget\" data-e-type=\"widget\" data-widget_type=\"heading.default\">\n\t\t\t\t<div class=\"elementor-widget-container\">\n\t\t\t\t\t<h2 class=\"elementor-heading-title elementor-size-default\">Escola da F\u00e9<\/h2>\t\t\t\t<\/div>\n\t\t\t\t<\/div>\n\t\t\t\t\t<\/div>\n\t\t<\/div>\n\t\t\t\t\t<\/div>\n\t\t<\/section>\n\t\t\t\t<section class=\"elementor-section elementor-top-section elementor-element elementor-element-40a82cf elementor-section-boxed elementor-section-height-default elementor-section-height-default\" data-id=\"40a82cf\" data-element_type=\"section\" data-e-type=\"section\">\n\t\t\t\t\t\t<div class=\"elementor-container elementor-column-gap-default\">\n\t\t\t\t\t<div class=\"elementor-column elementor-col-100 elementor-top-column elementor-element elementor-element-ad9e1a2\" data-id=\"ad9e1a2\" data-element_type=\"column\" data-e-type=\"column\">\n\t\t\t<div class=\"elementor-widget-wrap elementor-element-populated\">\n\t\t\t\t\t\t<div class=\"elementor-element elementor-element-865e9af elementor-widget elementor-widget-text-editor\" data-id=\"865e9af\" data-element_type=\"widget\" data-e-type=\"widget\" data-widget_type=\"text-editor.default\">\n\t\t\t\t<div class=\"elementor-widget-container\">\n\t\t\t\t\t\t\t\t\t<p>\u00a0<\/p><p><strong>ESCOLA DA F\u00c9<\/strong><br \/><em>Um novo itiner\u00e1rio da vida crist\u00e3<\/em><br \/>Arquidiocese de Salvador<br \/>Par\u00f3quia Nossa Senhora da Vit\u00f3ria<\/p><h3>Objetivo<\/h3><p>Reeducar, no fortalecimento da f\u00e9 cat\u00f3lica, o crist\u00e3o leigo numa tomada de consci\u00eancia que o desperte e\/ou amadure\u00e7a como <strong>disc\u00edpulo mission\u00e1rio<\/strong>.<\/p><h3>Exig\u00eancias<\/h3><ol><li><p>Ter completado 16 anos de idade;<\/p><\/li><li><p>Interesse pelo conhecimento;<\/p><\/li><li><p>Assiduidade e pontualidade.<\/p><\/li><\/ol><h3>Dura\u00e7\u00e3o<\/h3><p>3 meses e uma semana, equivalente a 7 encontros por turma.<\/p><h3>Dia e hor\u00e1rio<\/h3><p>1\u00aa e 3\u00aa ter\u00e7a-feira do m\u00eas, podendo sofrer alguma altera\u00e7\u00e3o por motivo de feriado ou festa, das 19h \u00e0s 21h.<\/p><h3>Grade Curricular<\/h3><p>Antropologia<br \/>Sagradas Escrituras<br \/>Liturgia<br \/>Espiritualidade<br \/>Eclesiologia<br \/>Sacramentos<br \/>Mariologia<\/p><h3>Facilitadores Confirmados<\/h3><ol><li><p>Pe. Lu\u00eds Moreira Sim\u00f5es de Oliveira<\/p><\/li><li><p>Ir. Escol\u00e1stica<\/p><\/li><li><p>T\u00falio Rocha Pugas<\/p><\/li><li><p>Dom Marco Eug\u00eanio Galr\u00e3o Leite de Almeida<\/p><\/li><li><p>Pe. Lu\u00eds Ot\u00e1vio<\/p><\/li><li><p>Pe. Lucas Almeida<\/p><\/li><li><p>Pe. Adilton<\/p><\/li><\/ol><h3>Dire\u00e7\u00e3o<\/h3><p>C\u00f4n. Lu\u00eds Moreira Sim\u00f5es de Oliveira<\/p><h3>Coordena\u00e7\u00e3o<\/h3><p>T\u00falio Rocha<br \/>Dalm\u00e1cia Cunha<\/p><h3>Datas para 2026<\/h3><p><strong>1\u00aa turma<\/strong><br \/>Abril \u2014 28\/04<br \/>Maio \u2014 05 e 19<br \/>Junho \u2014 02 e 16<br \/>Julho \u2014 07<\/p><p><strong>2\u00aa turma<\/strong><br \/>Agosto \u2014 04 e 18<br \/>Setembro \u2014 01 e 15<br \/>Outubro \u2014 06 e 20<br \/>Novembro \u2014 03<\/p><h3>Aten\u00e7\u00e3o<\/h3><ol><li><p>Taxa \u00fanica de R$ 300,00 para auxiliar nos gastos e remunera\u00e7\u00e3o dos facilitadores;<\/p><\/li><li><p>A taxa pode ser dividida em duas parcelas;<\/p><\/li><li><p>Inscri\u00e7\u00e3o na secretaria paroquial;<\/p><\/li><li><p>Contato: (71) 9 8101-1495;<\/p><\/li><li><p>E-mail: <a href=\"mailto:dam10@terra.com.br\">dam10@terra.com.br<\/a>;<\/p><\/li><li><p>No final de cada m\u00f3dulo, ser\u00e1 emitido um certificado.<\/p><\/li><\/ol><h3>A Reeduca\u00e7\u00e3o na F\u00e9<\/h3><p>Reeducar na f\u00e9 refere-se a um processo formativo cont\u00ednuo, progressivo e inesgot\u00e1vel, que ilumina, em uma tomada de consci\u00eancia, o crist\u00e3o a respeito de sua vida nova em Cristo. Al\u00e9m disso, conforme o Documento de Aparecida: \u201cMiss\u00e3o principal da forma\u00e7\u00e3o \u00e9 ajudar os membros da Igreja a se encontrar sempre com Cristo, e assim reconhecer, acolher, interiorizar e desenvolver a experi\u00eancia e os valores que constituem a pr\u00f3pria identidade e miss\u00e3o crist\u00e3 no mundo\u201d (Ap 279). Sendo assim, somos convidados a seguir os passos de Jesus como disc\u00edpulos mission\u00e1rios, sendo verdadeiras testemunhas do Mestre em um compromisso transformador de nossa comunidade de f\u00e9 e social.<\/p><h3>Justificativa<\/h3><p>Levando em considera\u00e7\u00e3o uma necessidade iminente de crist\u00e3os cada vez mais maduros, comprometidos, com ideias claras a respeito de sua f\u00e9 cat\u00f3lica e atuantes em seu compromisso batismal, \u00e9 que a Escola da F\u00e9 quer ser um dos lugares referenciais para vivificar, como inje\u00e7\u00e3o de \u00e2nimo, encanto e reencanto, o fiel leigo na sua consci\u00eancia de perten\u00e7a a uma comunidade regida por Cristo e organizada conforme a diversidade de dons, de minist\u00e9rios e a\u00e7\u00e3o, em vista do bem comum (Cf. 1Cor 12, 4ss). Esta din\u00e2mica reeducativa \u00e9, ainda, um convite a assumir a proposta evang\u00e9lica de divulga\u00e7\u00e3o do Reino de Deus, onde se fa\u00e7a presen\u00e7a, em pleno s\u00e9culo XXI, a atua\u00e7\u00e3o de fi\u00e9is leigos nos are\u00f3pagos da vida anunciando a Boa Nova, fazendo com que todas as na\u00e7\u00f5es se tornem disc\u00edpulos mission\u00e1rios de Jesus Cristo.<\/p><h3>Explicando o Slogan<\/h3><p>Este slogan tem como principal import\u00e2ncia o Cristo Iluminado, \u00edcone extra\u00eddo das artes iconogr\u00e1ficas de Cl\u00e1udio Pastro. Este \u00edcone foi escolhido propositalmente, pois revela, na sua leveza de cores e simplicidade dos tra\u00e7os, a beleza intr\u00ednseca de Jesus que ilumina todo o mundo, tirando-o das trevas e dando-lhe a luz da vida como caminho que conduz ao Pai (Cf. Jo 8,12; 14,6).<\/p><p>Este \u00edcone foi escolhido para refor\u00e7ar o objetivo da Escola da F\u00e9, deixando bem claro que \u00e9 atrav\u00e9s de Jesus Cristo que alcan\u00e7amos a verdadeira sabedoria que nos ajuda a crer mais perfeitamente no mist\u00e9rio pascal pelo qual nasceu a vida crist\u00e3 e compreend\u00ea-lo como, de fato, o fator inerente \u00e0 nossa exist\u00eancia.<\/p><p>A f\u00e9, sem vest\u00edgio de d\u00favida, \u00e9 o pressuposto determinante que deve desenhar o rosto dos estudantes da Escola da F\u00e9, pois, como lembra Santo Agostinho: \u201cN\u00e3o \u00e9 preciso compreender para crer, mas sim, crer para compreender.\u201d \u00c9 atrav\u00e9s da f\u00e9 que o estudante vai perceber luz em meio \u00e0s trevas, esperan\u00e7a em meio aos desesperos catastr\u00f3ficos, amor em meio \u00e0s manifesta\u00e7\u00f5es que t\u00eam como objetivo desumanizar a nossa humanidade, sequestrar Deus de nossa ess\u00eancia e nos levar ao pessimismo da nega\u00e7\u00e3o da regenera\u00e7\u00e3o humana.<\/p><p>Que este Cristo iluminado possa iluminar nossos cora\u00e7\u00f5es, nossa mente, nosso corpo e nossa vida como um todo, capazes de crer, compreender, viver e testemunhar a luz de Cristo em n\u00f3s como disc\u00edpulos mission\u00e1rios. Que a Escola da F\u00e9 seja amada, valorizada, cuidada e levada a s\u00e9rio por seus respectivos estudantes e, para isso, contamos com a poderosa intercess\u00e3o e prote\u00e7\u00e3o de Nossa Senhora da Vit\u00f3ria, M\u00e3e de Deus e nossa Excelsa Padroeira.<\/p><p>Que, a exemplo da Virgem Maria, possamos dizer a Deus: \u201cEis aqui o\/a servo\/a do Senhor\u201d, deixando Deus operar em e atrav\u00e9s de n\u00f3s suas incont\u00e1veis maravilhas.<\/p>\t\t\t\t\t\t\t\t<\/div>\n\t\t\t\t<\/div>\n\t\t\t\t\t<\/div>\n\t\t<\/div>\n\t\t\t\t\t<\/div>\n\t\t<\/section>\n\t\t\t\t<\/div>\n\t\t","protected":false},"excerpt":{"rendered":"<p>Escola da F\u00e9 \u00a0 ESCOLA DA F\u00c9Um novo itiner\u00e1rio da vida crist\u00e3Arquidiocese de SalvadorPar\u00f3quia Nossa Senhora da Vit\u00f3ria Objetivo Reeducar, no fortalecimento da f\u00e9 cat\u00f3lica, o crist\u00e3o leigo numa tomada [&hellip;]<\/p>\n","protected":false},"author":1,"featured_media":0,"parent":0,"menu_order":0,"comment_status":"closed","ping_status":"closed","template":"elementor_header_footer","meta":{"footnotes":""},"class_list":["post-3836","page","type-page","status-publish","hentry"],"_links":{"self":[{"href":"https:\/\/paroquiadavitoria.org.br\/index.php\/wp-json\/wp\/v2\/pages\/3836","targetHints":{"allow":["GET"]}}],"collection":[{"href":"https:\/\/paroquiadavitoria.org.br\/index.php\/wp-json\/wp\/v2\/pages"}],"about":[{"href":"https:\/\/paroquiadavitoria.org.br\/index.php\/wp-json\/wp\/v2\/types\/page"}],"author":[{"embeddable":true,"href":"https:\/\/paroquiadavitoria.org.br\/index.php\/wp-json\/wp\/v2\/users\/1"}],"replies":[{"embeddable":true,"href":"https:\/\/paroquiadavitoria.org.br\/index.php\/wp-json\/wp\/v2\/comments?post=3836"}],"version-history":[{"count":7,"href":"https:\/\/paroquiadavitoria.org.br\/index.php\/wp-json\/wp\/v2\/pages\/3836\/revisions"}],"predecessor-version":[{"id":3847,"href":"https:\/\/paroquiadavitoria.org.br\/index.php\/wp-json\/wp\/v2\/pages\/3836\/revisions\/3847"}],"wp:attachment":[{"href":"https:\/\/paroquiadavitoria.org.br\/index.php\/wp-json\/wp\/v2\/media?parent=3836"}],"curies":[{"name":"wp","href":"https:\/\/api.w.org\/{rel}","templated":true}]}}

Escola da Fé

<div data-elementor-type="wp-page" data-elementor-id="3836" class="elementor elementor-3836">
						<section class="elementor-section elementor-top-section elementor-element elementor-element-1332542 elementor-section-boxed elementor-section-height-default elementor-section-height-default" data-id="1332542" data-element_type="section" data-e-type="section">
						<div class="elementor-container elementor-column-gap-default">
					<div class="elementor-column elementor-col-100 elementor-top-column elementor-element elementor-element-c07ff76" data-id="c07ff76" data-element_type="column" data-e-type="column">
			<div class="elementor-widget-wrap elementor-element-populated">
						<div class="elementor-element elementor-element-3ae1d6e elementor-widget elementor-widget-heading" data-id="3ae1d6e" data-element_type="widget" data-e-type="widget" data-widget_type="heading.default">
				<div class="elementor-widget-container">
					<h2 class="elementor-heading-title elementor-size-default">Escola da Fé</h2>				</div>
				</div>
					</div>
		</div>
					</div>
		</section>
				<section class="elementor-section elementor-top-section elementor-element elementor-element-40a82cf elementor-section-boxed elementor-section-height-default elementor-section-height-default" data-id="40a82cf" data-element_type="section" data-e-type="section">
						<div class="elementor-container elementor-column-gap-default">
					<div class="elementor-column elementor-col-100 elementor-top-column elementor-element elementor-element-ad9e1a2" data-id="ad9e1a2" data-element_type="column" data-e-type="column">
			<div class="elementor-widget-wrap elementor-element-populated">
						<div class="elementor-element elementor-element-865e9af elementor-widget elementor-widget-text-editor" data-id="865e9af" data-element_type="widget" data-e-type="widget" data-widget_type="text-editor.default">
				<div class="elementor-widget-container">
									<p> </p><p><strong>ESCOLA DA FÉ</strong><br /><em>Um novo itinerário da vida cristã</em><br />Arquidiocese de Salvador<br />Paróquia Nossa Senhora da Vitória</p><h3>Objetivo</h3><p>Reeducar, no fortalecimento da fé católica, o cristão leigo numa tomada de consciência que o desperte e/ou amadureça como <strong>discípulo missionário</strong>.</p><h3>Exigências</h3><ol><li><p>Ter completado 16 anos de idade;</p></li><li><p>Interesse pelo conhecimento;</p></li><li><p>Assiduidade e pontualidade.</p></li></ol><h3>Duração</h3><p>3 meses e uma semana, equivalente a 7 encontros por turma.</p><h3>Dia e horário</h3><p>1ª e 3ª terça-feira do mês, podendo sofrer alguma alteração por motivo de feriado ou festa, das 19h às 21h.</p><h3>Grade Curricular</h3><p>Antropologia<br />Sagradas Escrituras<br />Liturgia<br />Espiritualidade<br />Eclesiologia<br />Sacramentos<br />Mariologia</p><h3>Facilitadores Confirmados</h3><ol><li><p>Pe. Luís Moreira Simões de Oliveira</p></li><li><p>Ir. Escolástica</p></li><li><p>Túlio Rocha Pugas</p></li><li><p>Dom Marco Eugênio Galrão Leite de Almeida</p></li><li><p>Pe. Luís Otávio</p></li><li><p>Pe. Lucas Almeida</p></li><li><p>Pe. Adilton</p></li></ol><h3>Direção</h3><p>Côn. Luís Moreira Simões de Oliveira</p><h3>Coordenação</h3><p>Túlio Rocha<br />Dalmácia Cunha</p><h3>Datas para 2026</h3><p><strong>1ª turma</strong><br />Abril — 28/04<br />Maio — 05 e 19<br />Junho — 02 e 16<br />Julho — 07</p><p><strong>2ª turma</strong><br />Agosto — 04 e 18<br />Setembro — 01 e 15<br />Outubro — 06 e 20<br />Novembro — 03</p><h3>Atenção</h3><ol><li><p>Taxa única de R$ 300,00 para auxiliar nos gastos e remuneração dos facilitadores;</p></li><li><p>A taxa pode ser dividida em duas parcelas;</p></li><li><p>Inscrição na secretaria paroquial;</p></li><li><p>Contato: (71) 9 8101-1495;</p></li><li><p>E-mail: <a href="mailto:dam10@terra.com.br">dam10@terra.com.br</a>;</p></li><li><p>No final de cada módulo, será emitido um certificado.</p></li></ol><h3>A Reeducação na Fé</h3><p>Reeducar na fé refere-se a um processo formativo contínuo, progressivo e inesgotável, que ilumina, em uma tomada de consciência, o cristão a respeito de sua vida nova em Cristo. Além disso, conforme o Documento de Aparecida: “Missão principal da formação é ajudar os membros da Igreja a se encontrar sempre com Cristo, e assim reconhecer, acolher, interiorizar e desenvolver a experiência e os valores que constituem a própria identidade e missão cristã no mundo” (Ap 279). Sendo assim, somos convidados a seguir os passos de Jesus como discípulos missionários, sendo verdadeiras testemunhas do Mestre em um compromisso transformador de nossa comunidade de fé e social.</p><h3>Justificativa</h3><p>Levando em consideração uma necessidade iminente de cristãos cada vez mais maduros, comprometidos, com ideias claras a respeito de sua fé católica e atuantes em seu compromisso batismal, é que a Escola da Fé quer ser um dos lugares referenciais para vivificar, como injeção de ânimo, encanto e reencanto, o fiel leigo na sua consciência de pertença a uma comunidade regida por Cristo e organizada conforme a diversidade de dons, de ministérios e ação, em vista do bem comum (Cf. 1Cor 12, 4ss). Esta dinâmica reeducativa é, ainda, um convite a assumir a proposta evangélica de divulgação do Reino de Deus, onde se faça presença, em pleno século XXI, a atuação de fiéis leigos nos areópagos da vida anunciando a Boa Nova, fazendo com que todas as nações se tornem discípulos missionários de Jesus Cristo.</p><h3>Explicando o Slogan</h3><p>Este slogan tem como principal importância o Cristo Iluminado, ícone extraído das artes iconográficas de Cláudio Pastro. Este ícone foi escolhido propositalmente, pois revela, na sua leveza de cores e simplicidade dos traços, a beleza intrínseca de Jesus que ilumina todo o mundo, tirando-o das trevas e dando-lhe a luz da vida como caminho que conduz ao Pai (Cf. Jo 8,12; 14,6).</p><p>Este ícone foi escolhido para reforçar o objetivo da Escola da Fé, deixando bem claro que é através de Jesus Cristo que alcançamos a verdadeira sabedoria que nos ajuda a crer mais perfeitamente no mistério pascal pelo qual nasceu a vida cristã e compreendê-lo como, de fato, o fator inerente à nossa existência.</p><p>A fé, sem vestígio de dúvida, é o pressuposto determinante que deve desenhar o rosto dos estudantes da Escola da Fé, pois, como lembra Santo Agostinho: “Não é preciso compreender para crer, mas sim, crer para compreender.” É através da fé que o estudante vai perceber luz em meio às trevas, esperança em meio aos desesperos catastróficos, amor em meio às manifestações que têm como objetivo desumanizar a nossa humanidade, sequestrar Deus de nossa essência e nos levar ao pessimismo da negação da regeneração humana.</p><p>Que este Cristo iluminado possa iluminar nossos corações, nossa mente, nosso corpo e nossa vida como um todo, capazes de crer, compreender, viver e testemunhar a luz de Cristo em nós como discípulos missionários. Que a Escola da Fé seja amada, valorizada, cuidada e levada a sério por seus respectivos estudantes e, para isso, contamos com a poderosa intercessão e proteção de Nossa Senhora da Vitória, Mãe de Deus e nossa Excelsa Padroeira.</p><p>Que, a exemplo da Virgem Maria, possamos dizer a Deus: “Eis aqui o/a servo/a do Senhor”, deixando Deus operar em e através de nós suas incontáveis maravilhas.</p>								</div>
				</div>
					</div>
		</div>
					</div>
		</section>
				</div>

<p>Escola da Fé   ESCOLA DA FÉUm novo itinerário da vida cristãArquidiocese de SalvadorParóquia Nossa Senhora da Vitória Objetivo Reeducar, no fortalecimento da fé católica, o cristão leigo numa tomada [&hellip;]</p>
